 - 5*j(y). Calculate r(-4).
-22
Let m(i) = 2*i**2 - 4*i + 4. Let o be m(4). Suppose 2*z = -3*z + o. Let x(k) = -2*k**2 - k**2 + 2*k**2 - k**2 + 5*k - 2. What is x(z)?
-14
Let i(p) = -10*p - 2. Let t(u) = -17*u - 3. Let a(v) = -5*i(v) + 3*t(v). Determine a(-4).
5
Let m be (4 + -1)*3*(-1)/(-3). Let p(s) = -m*s - 5*s + 0*s + 6*s. Give p(2).
-4
Let z = -432 + 419. Let g(l) = l**2 + 11*l - 20. Give g(z).
6
Let g(m) be the third derivative of m**4/12 - 5*m**3/6 - 652*m**2. What is g(-2)?
-9
Let k(s) = -s + 5. Let x = 12 + -10. Suppose 14 - 6 = x*n. Let y be k(n). Let o(g) = -g. Determine o(y).
-1
Let u(i) = 3*i - 2. Suppose -3 = -3*j + 9. Suppose 3*o - 4*v + 21 = 0, j*v = o + 7 - 0. Let p(g) = -g**2 + 8*g - 5. Let m(n) = o*u(n) + 2*p(n). Give m(-4).
-8
Let p(o) = 2*o + 2. Let t be ((-12)/10)/(21/30 + -1). Determine p(t).
10
Let u(t) be the first derivative of -t**6/120 + t**5/10 + t**4/24 - t**3/2 - 5*t**2 + 11. Let h(l) be the second derivative of u(l). Determine h(6).
3
Suppose 0 = 19*h + 51 + 63. Let y(t) = -t**3 - 9*t**2 - 8*t + 6. Determine y(h).
-54
Let b(x) = 0*x**3 + 29 + x + 33 + x**3 + 8*x**2 - 65 - 2*x**3. Calculate b(8).
5
Suppose -30 = 4*q + 2*a, -3*q + 12*a - 11*a = 10. Let n(z) = -z**3 - 4*z**2 + 6*z + 9. Give n(q).
4
Let v(q) = -3*q - 15. Suppose 0*k + 2*k = -16. Let t(i) = 5*i + 22. Let w(c) = k*v(c) - 5*t(c). Calculate w(7).
3
Suppose -1 = 5*j + 4. Let r(q) = q + 1. Let s(v) = -2*v - 9. Let o(i) = j*r(i) - s(i). Determine o(0).
8
Let i(o) = -6*o - 1. Let n(a) = a - 1. Let w(f) = i(f) + 3*n(f). Calculate w(-5).
11
Let c(w) be the second derivative of w**4/6 + 4*w**3/3 - 2*w**2 + 73*w. Suppose -p + 6*p + 2*v + 32 = 0, -4*p - 28 = 4*v. Calculate c(p).
20
Let l(a) = 2*a**2 + 1. Let h(w) = 3*w**2 + 15*w + 24. Let g(o) = -h(o) + 2*l(o). What is g(16)?
-6
Let m(k) = 7*k**2 - 8*k + 14. Let a(c) = -3*c**2 + 4*c - 7. Let z(d) = 5*a(d) + 2*m(d). Let b be (-5)/20 + 50/8. Determine z(b).
-19
Let d(i) be the first derivative of i**3/6 + 5*i**2 - 16*i + 9. Let n(v) be the first derivative of d(v). Give n(-8).
2
Let o(p) be the second derivative of -1/6*p**3 + 3/2*p**2 - 1/24*p**4 + 5*p + 0. Let r(g) be the first derivative of o(g). What is r(-6)?
5
Let x(q) = -111 + 110 + 0*q - 7*q. Let c = -5 - -4. Determine x(c).
6
Let i(r) be the second derivative of r**3/6 + r**2/2 - 8*r. Let v be 1 + 2*(-3)/(-6). Suppose -v*y = 4*d - 6, -d - 4*y = 1 - 13. What is i(d)?
1
Let r(c) = -c**2 - 1 + 3 - 5*c + 4. Suppose x = -6*d, 104*x + 3*d = 106*x + 15. Calculate r(x).
0
Let t(z) be the second derivative of z**5/20 - 5*z**4/12 - z**3/2 + 245*z. Give t(4).
-28
Let y(k) = 1032*k - 9*k**2 - 1032*k + 1. Suppose -6*c - 5*b = -2*c + 26, 0 = 2*c - 2*b + 4. Let v be (-10)/6 + c/(-6). What is y(v)?
-8
Suppose 0 = 198*i - 162*i + 288. Let f(c) = -c**3 - 9*c**2 - 10*c. What is f(i)?
16
Let q(a) = -a**3 + 8*a**2 - 6*a - 3. Let o be q(7). Let i = o - 1. Let f(p) = 1 - 2*p - 3 + 6 + 4*p. Determine f(i).
10
Let d be (0 - -1) + 5 + -3. Suppose 5 + 4 = d*f. Let t(k) = k**3 - 3 + 0*k**f - 4*k**2 + 6. Give t(3).
-6
Let h(u) be the second derivative of u**4/12 - u**3/2 + 4*u**2 + 159*u - 2. Determine h(5).
18
Let x be ((-9)/(-9))/(4/(-28)). Let i(k) = 4*k + 13. Give i(x).
-15
Suppose 10*n - 32*n = 0. Let g(c) = 3*c - 1. Determine g(n).
-1
Let s(w) = 2*w**2 + 7*w - 6. Let t = -33 - -29. Let r be s(t). Let z(g) = -g. What is z(r)?
2
Let l be 4/62 - 760/248. Let d(w) = 5 + 2*w + 2*w - 3*w. Calculate d(l).
2
Let m be (-344)/(-40) + (-3)/5 + -4. Let s(u) = 7*u**3 - 15*u**2 + 6*u + 8. Let t(o) = 4*o**3 - 8*o**2 + 3*o + 4. Let q(c) = 3*s(c) - 5*t(c). Give q(m).
0
Let m be (-1 - (-2 + -1))*3. Let f(w) = 3*w**2 - w**3 - m + 0*w + 0*w**3 + 4*w. Let x(v) = -v**3 - 14*v**2 - 48*v - 23. Let p be x(-9). Calculate f(p).
-6
Let n(z) = 10*z**2. Suppose -7 = -10*d - 17. What is n(d)?
10
Let j(m) be the first derivative of 9*m**2/2 + 13*m - 55. Let x(i) = 27*i + 37. Let f(d) = 17*j(d) - 6*x(d). Determine f(-1).
8
Let w(t) be the first derivative of t**2/2 + 5*t - 2. Suppose 19 = 13*v - 12*v. Let j = -23 + v. What is w(j)?
1
Let j(l) = -l**3 + 9*l**2 - 10*l + 14. Let y = -335 - -343. Give j(y).
-2
Suppose -o + 56 = -4*y + 165, -5*o - 86 = -3*y. Suppose y*a = 22*a + 5. Let s(k) = a + 4 + 0 + 2 - k. Give s(0).
7
Let b(q) = -4*q**2 + 2*q + 2. Let f(r) = 6*r**2 + 5*r - 5. Let y be f(-5). Suppose 4*c + y = -0*c. Let j be 1/2 - 45/c. Calculate b(j).
-10
Let x = 243 + -248. Let l(o) = -4 - 3 - 7*o**2 - 8*o + 6*o**2. Determine l(x).
8
Let m(c) = -c**2 - 2*c + 1. Suppose -5*v = -k - v - 7, 28 = 4*k - 2*v. Let i be ((-4)/(-24))/(1/(-2))*k. Determine m(i).
-2
Let r(i) = 3 - 57 + 6 + 6*i + 4. Determine r(8).
4
Let j(t) = 1 - t - 1. Let f = 76 + -74. Let g be (((-16)/6)/f)/((-3)/(-9)). Give j(g).
4
Let l(d) = -2*d**3 - 2*d**2 + d + 2. Let h(q) = -100*q - 303. Let p be h(-3). Calculate l(p).
35
Let l be 1/7 - 12/(-14). Let h(f) = -17*f**3 + 2*f**2 - 2*f + 1. What is h(l)?
-16
Let h(z) be the second derivative of -z**5/20 + 2*z**4/3 + 3*z**3/2 - z**2/2 + 101*z - 2. What is h(9)?
-1
Let f(l) = -l - 2. Let n be (-2 + 7/1)*1. Suppose 5*o - 2*y = 6 + 7, -1 = -2*o + n*y. Let g = -4 + o. Determine f(g).
-1
Let p(z) = -z**2 - 9*z. Let v(g) = -3*g. Let s(a) = p(a) - 5*v(a). What is s(7)?
-7
Let h(m) = m**3 + 4*m**2 + 2*m + 2. Let g be h(-3). Suppose 16 = 7*l - g. Let u(z) = z**3 - 4*z**2 + 2*z + 4. What is u(l)?
1
Let j be 4/(4 - 2) - 3. Let k(p) = 14*p + 1. Let b(n) = -41*n - 3. Let m(h) = -3*b(h) - 8*k(h). Calculate m(j).
-10
Suppose -1153 = -7*v - 243. Let c = -131 + v. Let w(l) = 8*l. Calculate w(c).
-8
Let j(p) be the third derivative of p**8/2520 + p**7/5040 + 11*p**5/60 + 5*p**2. Let u(m) be the third derivative of j(m). Give u(1).
9
Let v = 172 + -169. Let u(z) = -8*z + 21*z - 15*z + 1 + 4*z**v - 5*z**3 + 4*z**2. Calculate u(4).
-7
Let u(v) be the second derivative of v + 3*v**2 + 1/6*v**3 + 0. Determine u(0).
6
Let s(o) = 2*o**2 + 2*o**2 + 0*o**2 - 5*o + o**3 + 7. Let p(t) = -2*t + t**2 + 5 + 11*t + 4. Let u be p(-7). What is s(u)?
7
Suppose -3*b + 285 = -18*b. Let k(p) = -p - 23. Calculate k(b).
-4
Let c(d) = 0*d**2 - 1 + 8*d**3 + 2*d**2 - 6*d**3 + 4*d**3. Let o(f) = -f**3 - 8*f**2 - 14*f + 4. Let u be o(-5). Give c(u).
-5
Let h(a) = a**2 - 5*a + 3. Let k(b) = 73*b + 515. Let q be k(-7). Determine h(q).
-1
Let l(m) = 7*m**2 - 4*m + 2. Suppose -40*h + 13 = -67. What is l(h)?
22
Let f(d) = -5*d**3 + 4*d**2 - d + 6. Let u(y) = -y**3 + y**2 + y + 2. Let o(a) = f(a) - 4*u(a). What is o(-3)?
40
Let o(m) = -3*m**3 - 22*m**2 - m - 3. Let q(j) = 5*j**3 + 33*j**2 + 2*j + 3. Let l(y) = -8*o(y) - 5*q(y). Determine l(11).
-13
Let c(o) = 3*o**2 + 3*o - 5. Suppose -29 = x + s - 6*s, -5*x + 4*s - 40 = 0. Let k(h) = 4*h**2 + 2*h - 4. Let n(i) = x*k(i) + 3*c(i). Calculate n(-1).
-7
Let f = -6 + -1. Let c = f - -4. Let t(i) = -2*i**3 - i**2 + 4*i - 5. Let d(l) = 3*l**3 + 2*l**2 - 7*l + 9. Let a(z) = c*d(z) - 5*t(z). Determine a(0).
-2
Suppose 2*a = 5*t + 26, -a - 5*t = 4*a + 5. Let r(f) = a - 2*f**2 + f + 9 - 13. Calculate r(2).
-7
Let k(o) = -15*o. Let g = 19 + -14. Suppose -g*z - 5 = 5*i, 5*z = 2*i + i + 19. Suppose p = s, -p - z*s + 1 = -2. Give k(p).
-15
Let i = 21 + -9. Let l = -12 + i. Suppose b = -5*o - 11, l = 4*b + 4*o - 0 + 12. Let x(f) = 11*f**2 + 1. Calculate x(b).
12
Let z be ((-9)/(-6))/(12/8). Suppose 5*r + z = 16. Suppose -5 = 2*b + r. Let n(u) = u. What is n(b)?
-4
Let n(b) = 7*b**3 + 5*b + 4. Let f(j) = 20*j**3 + 14*j + 11. Let w(r) = -6*f(r) + 17*n(r). Let v(k) = -k**3 + 6*k**2 + 18*k - 16. Let d be v(8). What is w(d)?
2
Let v = 1425 + -1413. Let u(z) = -2*z - 3 + 3*z - 6. Give u(v).
3
Suppose 4*h = -2*t + 5 - 1, -3*t = h - 11. Suppose -r = t*r - 15. Suppose -3*w = 9, -r*j + w - 24 = 4*w. Let g(k) = k**3 + 6*k**2 + 4*k + 4. What is g(j)?
9
Suppose 2*h + 3*w = 0, w - 7 = h - w. Suppose 0 = -t + 2. Let g(b) = -4*b**t - 6*b**3 + 7*b**3 + 4 - b + 5*b**2 + 0*b**2. Determine g(h).
-11
Let z be -2*(-3 + (0 - -2)). Suppose -l = -3 + z. Let b = 4 + l. Let y(s) = -s**3 + 5*s**2 + 2*s - 4. Calculate y(b).
6
Let t(g) = -g**3 - 7*g - 7*g**2 - g**2 + 0*g**2 - 1. Let w = -362 - -355. Calculate t(w).
-1
Suppose 4*t = x - 0*x + 6, 0 = t - 4*x - 9. Suppose 8*p - 25 = -t. Let j(q) = -q**3 + 2*q**2 + q + 1. What is j(p)?
-5
Let 